t n(k) = -k**2 - 7*k - 3. Calculate n(g).
7
Let i(q) = -q**3 - 23*q**2 - 60*q + 22. Suppose -1741*f = -1569*f + 3440. Calculate i(f).
22
Let h(a) = -4*a**2 + 127*a - 126. Let n be h(1). Let r(c) = 2*c**3 + 2*c**2 - 15*c - 16. Determine r(n).
-7
Suppose -3*h + 3 = -4*a, 2*h + 5*a = 5*h. Let k(i) = i**2 - 53*i + 235. Calculate k(h).
-5
Let l(d) = 3*d**2 - 3*d - 1. Let m(z) = -7*z**2 + 7*z + 2. Let y = 79 - 84. Suppose 0 = f - 7*f - 12. Let n(b) = f*m(b) + y*l(b). Give n(2).
-1
Let i(a) = 9*a + 4. Let v(w) = 336*w + 183. Let s(l) = 26*l + 14. Let m(z) = 27*s(z) - 2*v(z). Let k(t) = -7*i(t) + 2*m(t). Give k(-3).
5
Let s(i) = -2*i + 34. Let g(j) = -3*j + 50. Let w(p) = 5*g(p) - 7*s(p). Let q(t) = t + 2. Let o(k) = -4*q(k) + w(k). Give o(5).
-21
Suppose 39*a = 46*a - 539. Suppose a*b = 65*b - 48. Let u(i) = i**2 + 2*i + 5. Calculate u(b).
13
Suppose 3*d - 2*j + 1426 = 8*d, 4*d = -3*j + 1138. Let z = d - 279. Let n(t) = t**3 - 7*t**2 + t - 4. Determine n(z).
3
Let x(z) be the second derivative of -17*z**3/6 - 13*z**2/2 - 2*z - 357. Calculate x(3).
-64
Let u(b) = b**2 - 2*b + 1. Let y = -36 + 38. Give u(y).
1
Let m = 23 + -15. Let d(h) = 193*h**2 + 4*h**3 - 3*h + 10*h + 6 - 5*h**3 - 186*h**2. Determine d(m).
-2
Suppose 0 = 5*i + 4*n + 75, -3*n - 2*n - 14 = -i. Let t(z) = -7 - 1117*z + 11*z**2 + 0 - 1096*z + z**3 + 2212*z. Calculate t(i).
4
Let w = 304 + -298. Let z be 4/42 + (w - 2120/210). Let v(q) = -3*q - 1. Calculate v(z).
11
Let b(g) = 2*g**3 - 3*g**3 + 4*g**3 + 28*g**2 + 0*g**3 + 11 + 0*g**3 + 11*g. Determine b(-9).
-7
Let q(x) = -x**2 + 4*x - 2. Let j = 79 + -78. Suppose -v = -j - 6. Suppose 2*t - z = v, -3 - 2 = -5*z. Calculate q(t).
-2
Let n = 123 - 99. Suppose 2*g = 5*p - n, 0*g = -4*p + 4*g + 24. Let s(q) = q**2 + p + 5*q**2 + 0 - 2*q - 7*q**2. Calculate s(-5).
-11
Let x(i) be the second derivative of 13*i**3/3 + 5*i**2/2 - 8747*i. Calculate x(2).
57
Let v(q) = 64 + 32 - 15*q - 44. What is v(3)?
7
Let b(q) be the first derivative of 2*q**2 + 3*q + 1513. Let n = 1 - 4. Give b(n).
-9
Let p(o) = -o**3 - 11*o**2 - 11*o - 6. Let f(u) = -2*u**2 - 3*u + 2. Let t be f(-2). Suppose 3*n + 16*n + 190 = t. Determine p(n).
4
Let t(i) = -23*i**2 - 7*i + 10. Suppose 0 = 26*p + 290 - 342. What is t(p)?
-96
Let b(o) = 218*o - 219*o + o**3 - 120 + 102 + 4*o**2. Give b(-4).
-14
Let c(u) = u**2 - u + 2. Let w(b) be the second derivative of b**3/6 - 13*b**2/2 + b. Let r be w(15). Suppose 9*x + r*x = 55. Give c(x).
22
Let h(s) = -2 + 10*s**2 + 19*s - 11*s**2 + 1 + 21*s - 34*s. Suppose 0 = -3*f - 4 - 23. Let d be ((-24)/f)/((-2)/(-3)). Calculate h(d).
7
Let t be (-24)/(-4) + 2 + 3 - -3. Let d(x) = -23*x + 21*x - t + 31. Determine d(14).
-11
Let q(j) = j**2 - 17 + 9*j + 10 + j - 13 + 3*j. What is q(-14)?
-6
Let d = 222 - 258. Let p be 7 + (1 - d/(-6)). Let q(g) = g**3 - 3*g + 1. Determine q(p).
3
Let h be 9*(-18)/(-12)*(-4)/(-27). Let u(n) be the second derivative of -1/6*n**3 + 0 - 20*n + 5/6*n**4 + 0*n**h. Determine u(1).
9
Let v(w) = 8*w**2 + 28 + 121*w + 119*w + 115*w - 339*w - w**3. Give v(10).
-12
Let z(u) = -180*u + 7203. Let a be z(40). Let q(y) = y + 2. Let x(l) = l + 4. Let r(g) = -10*q(g) + 6*x(g). Determine r(a).
-8
Suppose 2*d - 3277 = 3*j - 3297, -2*j + 5 = -3*d. Let y(f) = 5*f + 9. Let m(c) = -3*c - 6. Let v(t) = 8*m(t) + 5*y(t). Give v(j).
7
Let o(r) = 2*r**3 + 7*r**2 + 2*r + 3. Let p = -5599 - -5596. Determine o(p).
6
Let k(g) = -73*g + 84*g + 46*g**2 - 97*g**2 + 105 + 50*g**2. Determine k(-6).
3
Suppose 82*k = 83*k - 2*i - 70, 3*k + 4*i - 160 = 0. Let v be (17/(102/k))/2. Let h(b) = b**3 - 4*b**2 - 3*b + 5. Calculate h(v).
15
Let u be (8 - (-102)/(-9))/(2/(-3)). Let d(j) = -j + 1. Let w(g) = -20*g + 5. Let a(b) = u*d(b) - w(b). Suppose 4*y - 2*v + 7 = v, -3*y - 5 = -2*v. Give a(y).
-15
Let f(i) be the third derivative of i**7/2520 - i**6/720 + 4*i**5/15 + 71*i**4/24 - 12*i**2 + 1. Let p(l) be the second derivative of f(l). Determine p(0).
32
Let j(r) be the second derivative of -r**3/2 + 31*r**2 - 2068*r. Determine j(16).
14
Let u(o) = 87*o - 477. Let y(a) = 22*a - 105. Let q(g) = -2*u(g) + 9*y(g). Determine q(3).
81
Suppose 2*o + 11 = h, 4*h + h = -2*o + 55. Let b = h - 5. Let p(z) = -3 + 1 + 4 + z - 5 - 6. Give p(b).
-3
Let h(c) = -c - 11. Let u = 0 - -19. Suppose 40*s = 41*s + u. Let z = 19 + s. Give h(z).
-11
Suppose -92*v = 568 + 168. Let u(g) = g**2 + 5*g - 27. Determine u(v).
-3
Let x(c) = c**2 + 6*c + 2. Let d be 5*(-7 + 8) - -22. Let i be (d/36)/3 - 34/8. Calculate x(i).
-6
Suppose 50*d + 14 = 48*d. Let q(v) = 4*v**3 - 11*v**2 + 21*v + 7. Let g(t) = -3*t**3 + 7*t**2 - 14*t - 5. Let j(o) = 7*g(o) + 5*q(o). What is j(d)?
0
Let r(d) be the second derivative of 3*d**5/20 + 31*d**4/12 - 4*d**3 - 9*d**2 + 48*d. Let x be r(-11). Let o(b) = 2*b - 5 - b - 2*b. Give o(x).
-9
Suppose 6*j + 4*u - 3 = j, 0 = 5*j + 3*u - 1. Let x be j/11 + 2/22. Let m be (2/4*x)/(-7 + 8). Let g(i) = -i**2 + i + 3. Calculate g(m).
3
Let k(h) = h**2 - 7*h - 5. Suppose -2*z + 3*v + 3 = 0, -3*z - z - 34 = 2*v. Let d be (27/81)/((2/z)/1). Let a be (28/4)/(0 - d). Give k(a).
-5
Let c = -3516 + 3521. Let z(t) = -t**3 + t**2 - 1. Let n(s) = 5*s**3 - 9*s**2 + 2*s + 7. Let p(u) = -n(u) - 4*z(u). Calculate p(c).
-13
Let r(t) be the third derivative of -t**4/8 + 7*t**3/6 + 8*t**2 + t + 3. Determine r(-1).
10
Let g(x) be the second derivative of -7*x**3/6 - 59*x**2/2 + 2166*x. Give g(-5).
-24
Suppose 5*f = -v + 155, -3*f - 2*v + 16 = -77. Suppose -35*w - 36 = -f*w. Let q(p) = p + 6. What is q(w)?
-3
Let i(o) = -o**3 + 7*o**2 - 6*o + 7. Let t = -212 - -103. Let c = -106 - t. Suppose 3 = 3*a + c*g, 0 = 3*a - 7*g + 5*g - 28. Determine i(a).
7
Let t(z) = -z**3 - 7*z**2 - 8*z - 7. Let m = 3031 + -3033. Give t(m).
-11
Let g(o) = -o - 10. Let u be g(-9). Let b(d) = -6*d**3 - d**2 - 2*d - 1. Let t be b(u). Let v be t/(-4)*20/(-30). Let x(n) = -8*n**2 - 2*n + 1. What is x(v)?
-9
Suppose -7*p = -49 + 14. Suppose p*f - 10 = -0*f. Let w(l) = -f*l**2 - 4*l - 3 + l**2 + 8 + 2. Give w(-6).
-5
Let v(j) = -j**3 + 7*j**2 - 11*j + 4. Let s be v(5). Let l(o) = -3502*o - 4. Let g be l(s). Let q(p) = -4*p + 3498 - g. Give q(-1).
4
Let s(d) = -6*d - 37 - 59 + 2*d + 4*d + 3*d. What is s(31)?
-3
Let o = 15 + -13. Let w be 2850/70 - (-6)/21. Let f(s) = 40*s**2 - 121*s**2 - s**3 + 39*s**2 - s - 1 + w*s**2. Calculate f(o).
-15
Let h(m) = m + 6. Let f be h(-4). Let l be 94/(-14) - f/7. Let x(t) = -45*t + 1. Let p(n) = 11*n. Let j(y) = -4*p(y) - x(y). Determine j(l).
-8
Let u be (121/66)/(2/14) + 35/210. Let i(t) = t**3 - 12*t**2 - 13*t + 19. Calculate i(u).
19
Let g(a) be the second derivative of a**5/20 + 7*a**4/6 - 2*a**3 + 37*a**2/2 - 371*a. Let p = -26 + 11. Let k be g(p). Let w(x) = -x - 4. Determine w(k).
4
Let s(y) = -28*y - 23. Let j be s(-1). Suppose -62 = -j*l - 7. Let u(d) = -d**2 + 10*d + 14. Determine u(l).
3
Let v be (-4)/8*-8 - (-3 + 2). Let m(f) = f**2 + 2 - 6 + 7 + 0*f**2 + v*f. Determine m(-5).
3
Let o(s) = 2071*s - 1032*s - 13 - 1026*s. Calculate o(7).
78
Let y = -141 - -147. Let v(i) = 7*i - y*i**2 + 5*i**2 - 1 + 2*i**2. Give v(-8).
7
Let j be (1/(-1))/(7 - (-120)/(-16)). Let z(w) = -3*w - 14*w**2 - 12*w**2 + 3 + 36*w**j - 1 - 11*w**2. Determine z(-2).
4
Let m(z) = 4*z**2 + 4*z - 8. Let j(w) = -5*w**2 - 4*w + 8. Let g(b) = -3*j(b) - 4*m(b). Let l = 16 - 8. Suppose -42 = -f + l*f. What is g(f)?
-4
Let m be (-3)/(-1) - (3 + -2). Let f(u) = -8*u**m - 6*u**2 + 4 + 3*u - 2 + 12*u**2. Let b(p) = p**2 - p - 1. Let v(o) = 5*b(o) + 2*f(o). Give v(-1).
-1
Let b(m) be the third derivative of -m**6/120 - m**5/20 - m**4/24 + m**3/6 + 2136*m**2. Calculate b(-4).
21
Let y(d) = 7*d - 11. Let g(m) = -366*m + 368. Let p be g(1). What is y(p)?
3
Let z be ((-9)/(54/8))/(32/(-72)). Let n(h) be the first derivative of 5*h - 1/4*h**4 - 16 + 7/2*h**2 - h**z. What is n(-4)?
-7
Let s(m) = -6*m + 56. Let y be s(9). Let f(j) = 8*j**3 + 7*j + y*j - j - 9*j - 2*j**2. Calculate f(-1).
-9
Let z(l) be the third derivative of -1/24*l**4 - 2*l**3 + 0 + 2*l + 26*l**2. Give z(-9).
-3
Suppose 5*c - 4*s + 80 = 0, -13*c - 5*s + 37 = -14*c. Let a(x) = -x**3 - 10*x**2 + 22*x - 22. Calculate a(c).
2
Let h be (-7)/(105/36)*(-800)/(-15). Let f = h - -128. Suppose -18 = 5*g - q, 4*g = -q - 18 - f. Let x(j) = -2*j + 3. Calculate x